 be ((21774 + 10)/(-2))/((-2)/2). Suppose -f = -4*r - 2*y, -3*r - 3*y + 7*y = -8169. Is r composite?
True
Suppose 5*w + 4*q - 2716 = 0, -5*w + 2*q - 7*q = -2715. Let s = w - -97. Is s prime?
True
Suppose 3*x - 1412 - 20947 = 0. Suppose -2*n + c + 8463 = 0, 5*c = -5*n + 28573 - x. Is n prime?
True
Let l(q) = 19*q**2 - 11*q + 59. Let w = -131 + 137. Is l(w) a composite number?
False
Is ((-4247550)/720)/((-1)/8) prime?
False
Suppose 33490491 = 133*q - 85492. Is q prime?
False
Let k be (-8)/10 - (-482)/(-10). Is 4/14 - 27083/k a prime number?
False
Let z = 646 - 1143. Let i = -266 - z. Suppose 3*w = -0*w + i. Is w composite?
True
Suppose 0 = -n + q + 2805, -3*n + 14031 = 2*n + q. Suppose -2*i = 5*a - 4687, a = -2*a + 5*i + n. Is a composite?
False
Let x = 8259 - 3085. Suppose -5*w - x = -0*c - 3*c, -w = -c + 1728. Is c composite?
False
Suppose -242 = -7*x - 228. Suppose 3591 = 4*a + 2*n - 25831, 0 = 2*n - x. Is a prime?
False
Let l be 6/(-14) - 3/(-7). Suppose l = -67*t + 63*t + 54628. Is t a composite number?
True
Let g(s) = -3*s**2 - 19*s. Let f(u) = 9*u**2 + 56*u + 1. Let w(t) = -6*f(t) - 17*g(t). Let j be w(-4). Is 569 + j + -7 + 3 composite?
False
Suppose 4*a = -5*d + 197705 + 186846, -5*d + 3*a = -384523. Is d composite?
False
Let p be 14668/24 + (-5)/30. Let v = p - 28. Is v a prime number?
False
Let l be (-3 + 119)*(2 - (-45)/(-10)). Suppose -b + 2086 = b. Let i = b + l. Is i a composite number?
True
Suppose 313513 = 3*n - 4*i, -209024 = -2*n - 84*i + 79*i. Is n composite?
True
Let s(w) = w**3 - 35*w**2 + 46*w + 461. Is s(42) a composite number?
False
Let t be (-76)/(-2) - ((-4)/(-1) - 3). Let c be (2/(-5) - 0) + t/5. Is (1*-1*c)/(78/(-3666)) prime?
False
Suppose -3*s + s = 4*s. Suppose -m = 1, p - 3*m + m - 487 = s. Is p a composite number?
True
Let a(r) = -3*r**2 - 14*r + 163. Let v(l) = -2*l**2 - 6*l + 81. Let t(q) = 3*a(q) - 5*v(q). Is t(35) a composite number?
True
Let s = -45654 + 125455. Is s a composite number?
False
Suppose -5*a + 20*a - 82714 = 13*a. Is a prime?
True
Suppose -11*h = 41*h - 3713060. Is h a prime number?
False
Suppose -2*y - 14 = -4*f, -4*f + 7 + 12 = -y. Suppose -2*d + 4*k = -12250, f*d + k - 30636 = d. Is d composite?
True
Let u(h) = 2*h - 2. Let y be u(2). Suppose -q - y*q = -4035. Is q prime?
False
Suppose 0 = -r - 4*c + 13010, -107*c + 8 = -103*c. Suppose g - 17*i - r = -22*i, -g + 5*i = -13032. Is g a prime number?
False
Let l(g) = 108 - 745*g + 90*g + 38*g - 477*g - 1719*g. Is l(-5) prime?
True
Let r(s) be the second derivative of s**5/20 + s**4/2 - 5*s**3/6 + s**2/2 - 2*s. Let p be (7 - (-25)/(-3))*60/(-16). Is r(p) prime?
True
Suppose 0*j = -4*j + 5*n + 35, -3*n = -5*j + 34. Suppose -13 + j = -a. Let u(x) = 114*x - 25. Is u(a) prime?
True
Let r = -1162 + 8437. Suppose 17660 = 5*x - r. Is x a composite number?
False
Let n = -7 - -4. Let c(m) = -37 - 86*m - 24 + 54. Is c(n) prime?
True
Let h(y) = -6*y**3 - 4*y**2 + 3*y - 6. Let z(i) = -2*i - 23. Let b be z(-9). Is h(b) composite?
True
Let g = 21633 + -15110. Is g a composite number?
True
Let d be (-1 - -1)/((-5)/(-5)). Suppose d = 3*j - 9, -5*w + j + j + 5729 = 0. Is w composite?
True
Let s be 6/(-4) - (-22)/4. Suppose s*p - 115435 = -28847. Is p a composite number?
False
Let l(w) = -3*w + 12. Let m be l(5). Let u be m*1*(2 - 21/9). Is 114/u - (-3)/12*-4 a prime number?
True
Let m = -9166 + 13770. Suppose 2*k + m = 4*k. Is k prime?
False
Suppose 4*a + 3*w - 23 = 0, 0 = -2*a - a - 4*w + 26. Suppose 474 = 2*h + d + 4*d, 0 = -5*h - a*d + 1143. Let j = h - -526. Is j prime?
False
Let r = 10558 - 4607. Is r prime?
False
Suppose 3*d = -2*d + 1875578 + 1087077. Is d a prime number?
True
Suppose -2*x + 318522 = 3*x + x. Is x a prime number?
True
Let h(j) = -47*j**3 + j**2 - 3. Suppose 3*k + 11 - 44 = 0. Suppose -20 = k*m - m. Is h(m) prime?
False
Let h = 74946 + 3259. Is h a composite number?
True
Let s(d) = -651*d**3 - 5*d**2 - 37*d + 48. Let t(r) = 325*r**3 + 2*r**2 + 18*r - 25. Let l(m) = 2*s(m) + 5*t(m). Is l(4) prime?
True
Suppose -6*r + 8*r = -4*r + 27498. Is r prime?
True
Suppose 0 = 2*i - 3*g - 8, 5*i + 4*g - 9 = 6*g. Let v(n) = 34*n + i + n + 15*n + 27*n. Is v(2) a composite number?
True
Suppose 3*c = 3*r - 162, 2*r - c - 3*c = 118. Let p = r + -44. Suppose p*b - 249 = 2*b. Is b prime?
True
Let f(o) = -185936*o - 841. Is f(-3) composite?
False
Let y be 2*(8/6)/(6/(-9)). Let o be (4/6)/(y/(-18)). Is (-13460)/60*o*-1*1 a composite number?
False
Is 1097/(-3)*(-408 - -405) a composite number?
False
Suppose -142383 = -3*r - a + 4*a, 2 = -a. Is r prime?
True
Suppose 4*x + 2*x = 12. Suppose q = -4*m - 3262, -817 = -x*m + 3*m + q. Let u = 1194 + m. Is u a prime number?
True
Suppose -64*t + 62*t = -2, 0 = -f - 3*t + 147466. Is f a composite number?
True
Let q = 76405 + 196944. Is q prime?
True
Suppose 4*b + 19370 = 5*d, 0 = 4*d - 3*b + 4548 - 20045. Is (-1)/(1 - 3880/d) prime?
False
Let m(x) = 2 + 0*x**2 + 8*x**2 + 7*x + 3 + 0. Suppose 4*g - z = 15, 3*z + z - 32 = -7*g. Is m(g) a composite number?
True
Suppose -2*w = 5*r + 86, -9 + 48 = -3*r + 3*w. Is 208742/18 - (r/(-36))/(-2) a prime number?
True
Suppose 0 = 2*r + 5*k - 31, 7 = -r - 12*k + 14*k. Suppose -b + 5326 = r*f, 0 = -4*b - 9 - 11. Is f a composite number?
False
Let u be (-24)/(-36)*(-2 + -1). Let y be -2 - (0/1)/u. Is y/11 + 6005/55 a composite number?
False
Suppose 0 = -5*g - 3*t + 9396, 2*t - 5799 = -3*g - 162. Let y = 3064 - 3064. Suppose -g = -y*l - 9*l. Is l a prime number?
False
Let a = -4 - -13. Let s(l) = 322*l**3 + 19*l - a*l + 1 + 166*l**3 - 12*l. Is s(1) composite?
False
Let y be (2 - -1) + -1 + 3. Suppose y*d = -a + 1120, -a - 302 = -3*d + 362. Is d composite?
False
Let m(z) = 1320*z**2 - 4*z + 11. Let t be m(4). Suppose 4*b + 4*r = 42248, 9*b - 7*b - t = r. Is b composite?
False
Suppose x = -3*j - j + 43, 2*x = -j + 72. Let v = x + -29. Is (-49644)/24*(-1 - (-2)/v) a prime number?
False
Is (-1183587)/(-9)*591/197 a composite number?
False
Suppose 0 = 3*n + 2*o - 6514, -3*n - 2*o + 8682 = n. Suppose 3193 + n = x. Is x composite?
True
Let r(s) = 2433*s**3 + 11*s**2 - 9*s + 19. Let o(c) = -809*c**3 - 4*c**2 + 3*c - 6. Let p(d) = 8*o(d) + 3*r(d). Is p(2) prime?
False
Suppose -94466 = -16*r + 158046. Suppose -30*h + r + 6328 = 0. Is h prime?
False
Let n be 188/32 - 1/(-8). Suppose -2*t + 6 = 2*c - n*t, -2*t = -5*c + 23. Suppose -c*z + 444 = -4271. Is z composite?
True
Let b(i) = -77*i**3 - 4*i**2 + 9*i + 7. Let w(u) = 76*u**3 + 5*u**2 - 10*u - 9. Let s(k) = -3*b(k) - 2*w(k). Is s(4) composite?
True
Let j be (-22)/(-165) - 5524/30. Let t = -105 - j. Is t composite?
False
Is (9/3)/(-4 + -1) - 260816/(-10) a composite number?
True
Suppose 2*r + r = 2*m + 97, -m = -3*r + 41. Let t = -44 - m. Is 6/t - (-1322)/4*1 a composite number?
False
Let w = 11917 + -1838. Suppose 4*i - 4*n = n + w, -5*i - 5*n + 12610 = 0. Is i a prime number?
True
Is (76/171 - 94638932/(-144))/((-9)/(-12)) composite?
False
Let z = -57 - -132. Let y be z/100 - 22243/4. Let s = y + 10397. Is s a composite number?
True
Let f(l) = -633*l - 49. Suppose 0 = 39*d + 656 - 32. Is f(d) a prime number?
True
Let w(z) = -z**3 + 19*z**2 + 27*z + 26. Let u be w(19). Let o = u + -288. Is o prime?
True
Is 155354 + -11 + (38 - 10) prime?
True
Let t = -68927 + 136056. Is t a prime number?
True
Suppose -31335757 - 41262364 = -156*f + 21998563. Is f a prime number?
False
Suppose 0*h - 5*h + 20 = 0. Suppose -h*z + 57 = -131. Suppose 41*u - z*u = -14622. Is u prime?
True
Let v(f) = 3*f + 13. Let w be v(5). Suppose -4*a + w + 24 = 0. Suppose -6*l = -a*l + 9527. Is l a prime number?
True
Suppose -1479065 = -122*w + 1159917. Is w a prime number?
False
Let p(s) = 1075*s**2 - 234*s + 11. Is p(6) a composite number?
False
Suppose -l + 9 - 4 = 0. Suppose -g + 39619 = l*f - 18129, -12 = -4*g. Is f composite?
False
Suppose -5*z - 327 = -1167. Let y = z - 1217. Let a = -747 - y. Is a a prime number?
False
Let y(c) = 245*c + 3433. Let b be y(-14). Suppose 0*m + m = -r + 206, 5*r = -m + 1050. Suppose -b*o - r + 3448 = 0. Is o a composite number?
True
Suppose -m = 292*y - 288*y - 266261, -3*m = -2*y - 798825. Is m prime?
False
Suppose 786*i - 358872 = 762*i. Is i a composite number?
True
Suppose 0 = u + t - 5, 4*u - 4*t + 20 = -0*t. Suppose u*p = -h + 2*p + 146